878?
8
What is the hundreds digit of 1734262?
2
What is the hundred thousands digit of 1160402?
1
What is the millions digit of 1701815?
1
What is the thousands digit of 186173?
6
What is the ten thousands digit of 2433507?
3
What is the units digit of 938700?
0
What is the ten thousands digit of 210075?
1
What is the hundred thousands digit of 4380465?
3
What is the tens digit of 396937?
3
What is the thousands digit of 40683?
0
What is the tens digit of 2459291?
9
What is the tens digit of 379021?
2
What is the millions digit of 7116235?
7
What is the tens digit of 12118269?
6
What is the millions digit of 32023768?
2
What is the units digit of 232901?
1
What is the hundred thousands digit of 7201352?
2
What is the thousands digit of 9192993?
2
What is the millions digit of 2249905?
2
What is the ten millions digit of 27734779?
2
What is the tens digit of 4802571?
7
What is the hundreds digit of 722983?
9
What is the units digit of 4641253?
3
What is the hundreds digit of 232785?
7
What is the hundreds digit of 561430?
4
What is the hundreds digit of 53287?
2
What is the units digit of 172202?
2
What is the ten thousands digit of 324369?
2
What is the hundreds digit of 318607?
6
What is the tens digit of 1457725?
2
What is the millions digit of 6788986?
6
What is the ten thousands digit of 2244593?
4
What is the ten millions digit of 12424170?
1
What is the ten thousands digit of 1156419?
5
What is the thousands digit of 1685766?
5
What is the hundreds digit of 106112?
1
What is the units digit of 3564791?
1
What is the millions digit of 2798572?
2
What is the units digit of 2060584?
4
What is the tens digit of 522015?
1
What is the units digit of 50391?
1
What is the hundred thousands digit of 196002?
1
What is the units digit of 12519?
9
What is the ten thousands digit of 400589?
0
What is the thousands digit of 1109778?
9
What is the hundreds digit of 4617857?
8
What is the hundred thousands digit of 5457017?
4
What is the tens digit of 77041?
4
What is the ten millions digit of 10436525?
1
What is the hundred thousands digit of 8471694?
4
What is the ten thousands digit of 136822?
3
What is the units digit of 2674786?
6
What is the ten thousands digit of 8793800?
9
What is the hundred thousands digit of 2920685?
9
What is the hundred thousands digit of 11033773?
0
What is the ten thousands digit of 520164?
2
What is the hundred thousands digit of 22328990?
3
What is the millions digit of 7603098?
7
What is the thousands digit of 61026?
1
What is the ten thousands digit of 64802?
6
What is the thousands digit of 85759?
5
What is the hundred thousands digit of 215222?
2
What is the tens digit of 1326195?
9
What is the tens digit of 731564?
6
What is the ten thousands digit of 397869?
9
What is the hundred thousands digit of 548714?
5
What is the hundred thousands digit of 874446?
8
What is the tens digit of 62902?
0
What is the units digit of 26914173?
3
What is the tens digit of 1672662?
6
What is the units digit of 308859?
9
What is the units digit of 1690517?
7
What is the thousands digit of 786497?
6
What is the millions digit of 2587793?
2
What is the tens digit of 71612?
1
What is the tens digit of 86743?
4
What is the tens digit of 2759033?
3
What is the ten thousands digit of 1906380?
0
What is the ten thousands digit of 596311?
9
What is the units digit of 34370?
0
What is the hundreds digit of 794593?
5
What is the ten thousands digit of 228088?
2
What is the hundred thousands digit of 261034?
2
What is the units digit of 24960?
0
What is the ten millions digit of 33901688?
3
What is the ten thousands digit of 186902?
8
What is the units digit of 1292057?
7
What is the tens digit of 2192721?
2
What is the units digit of 53298?
8
What is the thousands digit of 113942?
3
What is the tens digit of 8074?
7
What is the hundreds digit of 15380026?
0
What is the units digit of 2965635?
5
What is the tens digit of 299765?
6
What is the ten thousands digit of 442333?
4
What is the hundred thousands digit of 403542?
4
What is the thousands digit of 292987?
2
What is the thousands digit of 530541?
0
What is the thousands digit of 3547?
3
What is the units digit of 11960237?
7
What is the ten thousands digit of 198920?
9
What is the ten millions digit of 17376926?
1
What is the ten thousands digit of 835470?
3
What is the tens digit of 160915?
1
What is the hundred thousands digit of 12526951?
5
What is the ten millions digit of 11986572?
1
What is the units digit of 240134?
4
What is the ten thousands digit of 318872?
1
What is the millions digit of 21316737?
1
What is the ten thousands digit of 380223?
8
What is the hundred thousands digit of 623195?
6
What is the tens digit of 92230?
3
What is the hundred thousands digit of 172137?
1
What is the tens digit of 1339617?
1
What is the thousands digit of 451562?
1
What is the hundred thousands digit of 9206235?
2
What is the tens digit of 23575?
7
What is the millions digit of 1938067?
1
What is the millions digit of 6073711?
6
What is the hundreds digit of 538023?
0
What is the ten thousands digit of 235676?
3
What is the hundred thousands digit of 2540679?
5
What is the thousands digit of 3608296?
8
What is the thousands digit of 395563?
5
What is the hundred thousands digit of 1312135?
3
What is the hundred thousands digit of 790144?
7
What is the hundred thousands digit of 162440?
1
What is the hundred thousands digit of 1737649?
7
What is the hundred thousands digit of 349261?
3
What is the hundred thousands digit of 1115383?
1
What is the units digit of 1316771?
1
What is the units digit of 9674573?
3
What is the ten thousands digit of 4430235?
3
What is the thousands digit of 389080?
9
What is the units digit of 851114?
4
What is the hundred thousands digit of 146071?
1
What is the units digit of 286993?
3
What is the ten thousands digit of 186752?
8
What is the hundreds digit of 1594388?
3
What is the units digit of 569065?
5
What is the tens digit of 231667?
6
What is the units digit of 1025405?
5
What is the ten thousands digit of 2912501?
1
What is the millions digit of 27016085?
7
What is the hundreds digit of 10213146?
1
What is the hundreds digit of 611939?
9
What is the tens digit of 127516?
1
What is the hundreds digit of 715202?
2
What is the ten thousands digit of 6386289?
8
What is the ten thousands digit of 67800?
6
What is the ten thousands digit of 2400744?
0
What is the thousands digit of 409022?
9
What is the units digit of 92611?
1
What is the hundreds digit of 134621?
6
What is the thousands digit of 291838?
1
What is the tens digit of 9750229?
2
What is the units digit of 69671?
1
What is the ten thousands digit of 382487?
8
What is the units digit of 5184764?
4
What is the tens digit of 1394418?
1
What is the hundred thousands digit of 191424?
1
What is the hundred thousands digit of 21999655?
9
What is the units digit of 1191792?
2
What is the tens digit of 186286?
8
What is the ten thousands digit of 12973568?
7
What is the ten thousands digit of 66139?
6
What is the hundred thousands digit of 356015?
3
What is the thousands digit of 8181261?
1
What is the hundred thousands digit of 170704?
1
What is the hundred thousands digit of 332912?
3
What is the thousands digit of 13858137?
8
What is the hundred thousands digit of 23912939?
9
What is the tens digit of 2196545?
4
What is the hundreds digit of 5761870?
8
What is the tens digit of 1022233?
3
What is the thousands digit of 30833937?
3
What is the units digit of 14661727?
7
What is the hundreds digit of 519996?
9
What is the hundreds digit of 4040121?
1
What is the ten millions digit of 10676690?
1
What is the thousands digit of 3189625?
9
What is the units digit of 527440?
0
What is the thousands digit of 440052?
0
What is the units digit of 763252?
2
What is the thousands digit of 732294?
2
What is the hundreds digit of 1164848?
8
What is the tens digit of 194465?
6
What is the tens digit of 148263?
6
What is the hundred thousands digit of 6582546?
5
What is the ten thousands digit of 368091?
6
What is the hundreds digit of 27830227?
2
What is the hundreds digit of 1766404?
4
What is the hundred thousands digit of 898106?
8
What is the hundred thousands digit of 28550382?
5
What is the tens digit of 1590